h = -96 + 1600. What is the thousands digit of h?
1
Let x(h) be the second derivative of -h**3/3 + 25*h**2 - 29*h. What is the units digit of x(9)?
2
Suppose -16*h + 11*h = -19645. What is the units digit of h?
9
Suppose -x - x = -3*v - 2062, 0 = 5*x - v - 5181. What is the hundreds digit of x?
0
Suppose -41*n + 45*n + 16 = 0, n = 5*u - 254. What is the units digit of u?
0
Let n(a) = 3155*a - 141. What is the thousands digit of n(2)?
6
Let o(f) = 159*f**2 - 13*f - 9. What is the hundreds digit of o(-3)?
4
Suppose 13*i = 18*i - 2655. What is the hundreds digit of i?
5
Suppose -i + 4*i - 15 = 3*m, 2*i - 10 = -4*m. Suppose m = -16*p + 136 + 584. What is the tens digit of p?
4
Let q(y) = 3*y**2 + 6*y + 2. Let u be 1/2 - 50/4. Let x = u - -7. What is the units digit of q(x)?
7
Let s be (1 + (-2)/4)/(20/(-480)). Let x = 7 - s. What is the tens digit of x?
1
Let j = -61 - -76. Suppose 0 = -4*b + j*b - 1078. What is the units digit of b?
8
Let n(j) = -1 - j**2 + 16 - 10 + 14 + 2*j. What is the units digit of n(0)?
9
Let b(o) = o + 1. Let z be b(5). Suppose 2*m + z = -m, -4*c = -5*m - 26. What is the units digit of c?
4
Let n(z) = z**2 + 11*z + 21. Let u be n(-9). Suppose -u*i = -28 - 14. Let m = 15 - i. What is the units digit of m?
1
What is the units digit of (20294/16)/1 - 258/688?
8
Let o(j) be the third derivative of j**6/20 - j**5/30 - 7*j**4/24 + j**3/2 - 26*j**2. What is the hundreds digit of o(3)?
1
Let j = 97 + -38. Let l = j + -28. What is the tens digit of l?
3
Suppose -d - 2*y + 364 = 0, -7*y - 185 - 143 = -d. What is the units digit of d?
6
What is the hundreds digit of 4*(-1374)/(-12) - 2?
4
Suppose 0 = 21*i - 15*i - 2010. What is the tens digit of i?
3
Suppose 0 = 3*v - 4*o - 22, 3*v = -2*v - o + 52. Suppose v*x = 13*x - 102. What is the units digit of x?
4
Suppose -10 = 2*f, -5 = -5*u + 2*f - 3*f. Suppose 0 = u*k + 3 + 1. What is the tens digit of (-80)/(-5)*(k - -6)?
6
Suppose -136 = 2*f - 440. Let o = -80 + f. What is the units digit of o?
2
Let x = 57 + -37. Suppose x = -5*j, 4*h + 2*j - 41 = 443. What is the units digit of h?
3
Suppose -5*o + 522 = -83. Let b = o - 102. What is the tens digit of b?
1
Suppose 6*j - 46860 = -27*j. What is the units digit of j?
0
Let d(m) = 397*m - 115. What is the hundreds digit of d(11)?
2
Suppose 2*r + 10 = 2*s + 3*r, -3*r + 6 = 0. Suppose 5*m = d - 71, s*d - 281 = -4*m - 69. What is the units digit of d?
6
Suppose 14*m = 10*m + 1484. What is the hundreds digit of m?
3
Let u = 57 - 95. Let x = 14 - u. Let t = x + -35. What is the units digit of t?
7
Suppose -8 = 6*r - 2*r - 5*u, 4*u = 0. What is the tens digit of r - (3 + -212) - -4?
1
Let i = -344 - -148. Let a = -96 - i. What is the units digit of a?
0
Let s be 1/(1 + (-2 - -2)). Suppose -15 = -4*d + s. Suppose -3*k - 25 + 224 = 4*n, d*n + 5*k = 201. What is the tens digit of n?
4
Suppose -2*p + 1 = x - 4, x - 20 = -5*p. Suppose -p - 1 = -3*g. Suppose -40 = -g*i - 10. What is the units digit of i?
5
Suppose 3*g = -3*x - x + 372, 2*g + 186 = 2*x. Suppose 4*w - x = w. What is the units digit of w?
1
Suppose 1206 = 9*k - 2412. What is the units digit of k?
2
Suppose -5*u = -3*k + 7*k - 3, -k - 3*u - 1 = 0. Suppose -2*x = -m + 5*m - 212, -2*x + 210 = k*m. What is the hundreds digit of x?
1
Suppose 21*p - 16*p = 45. Let n = -1 + p. What is the units digit of n?
8
Let p be ((-4)/(-2))/((-4)/(-6)). Let y(b) = -3 + b**2 + p*b**2 - 4*b**2 + b**2. What is the units digit of y(-3)?
6
Suppose 24*t + 3*n = 25*t - 1947, -3*n = 4*t - 7743. What is the units digit of t?
8
Let w(j) = -j**3 + 7*j**2 - 4*j. Let v be w(5). Let f = v + -26. Suppose 2*u = f*o + u - 301, -2*u - 380 = -5*o. What is the tens digit of o?
7
Let o(f) = -f**2 + 16*f - 23. Let a be o(14). Suppose -a*l = 5*x - 445, -4*x = -3*x - 5*l - 113. What is the units digit of x?
3
Let v = -11 - 2. Let m = -9 - v. Suppose 0 = -4*c - 12, -3*h + 40 = -m*c - 14. What is the units digit of h?
4
Let z be 4 - (5 + (-10)/1). What is the units digit of (4/(-12))/(3/z)*-17?
7
Let o(b) = b**3 + 9*b**2 + 8*b - 3. Let w be o(-7). Suppose 0 = z - 2*z + 5*g, -w = -3*z + 2*g. What is the units digit of 3/(2 + (-21)/z)?
5
Let k(b) = 12*b + 3. Let m(r) = 23*r + 5. Suppose -4*v = -9 - 19. Let o(h) = v*k(h) - 4*m(h). What is the units digit of o(-5)?
1
Suppose -h - 5*l + 8 + 2 = 0, -4*h - 3*l + 6 = 0. Suppose -4*q + 213 - 105 = h. What is the tens digit of q?
2
Let p be -1 + (-2)/((-4)/2) + 134. Suppose -2*q = 3*h + 155, 5*q + 2*h = h - 355. Let y = q + p. What is the units digit of y?
4
Let p(q) = 3*q + 26. Let m be p(-8). Let f(b) be the third derivative of b**4/4 + b**3/3 - b**2. What is the units digit of f(m)?
4
What is the hundreds digit of (-3)/15 - (-2 - 105888/40)?
6
Let b(r) = -3*r**2 + 0*r**2 - 52*r**3 + 2*r**2 + 19*r**3. What is the units digit of b(-1)?
2
Suppose 3*v + 4*v = 644. What is the tens digit of v?
9
Let d = 63 + -65. What is the hundreds digit of (d*12/(-8) - 1) + 241?
2
Let t be 4/(-14) - ((-219)/7 - -7). What is the units digit of (-8)/(t/9) + 234?
1
Let l(k) = -k**3 - 5*k**2 + 6*k + 2. Suppose -8 = f - 0*f + a, -f + 5*a = -4. Let p be l(f). What is the units digit of (-3)/(-6) - (-17)/p?
9
Suppose -2*n - 11 - 3 = 4*h, -4*h = 3*n + 23. Let k(f) = -f**3 - 8*f**2 + 3*f - 9. Let r be k(n). What is the units digit of 309/r + 2/15?
7
Let g(o) = o**3 - 5*o**2 + 4*o - 3. Let k be g(4). What is the tens digit of 63 - -3 - (1 - k)?
6
Let f = 810 - 457. What is the tens digit of f?
5
Let h(b) = -3*b - 3. Let a be h(1). What is the tens digit of a/(-5)*630/27?
2
What is the hundreds digit of 744471/(-202)*12/(-7)?
3
Let d = 6 - 3. Suppose m = d*b + 2*b + 22, 4*b = -4. What is the units digit of m?
7
Let a = 1271 + -881. What is the hundreds digit of a?
3
Let d(o) be the third derivative of -o**6/120 - o**5/20 - o**4/8 - o**3/2 - 5*o**2. Let n be d(-3). Let x = n + 15. What is the tens digit of x?
2
Let y = 3438 + -1722. What is the hundreds digit of y?
7
Let b(o) = 3*o**3 + o**2 + o + 1. Let d be b(3). Let r(u) = u**2 - u + 4. Let s be r(4). Suppose s*m - 14*m = d. What is the tens digit of m?
4
Let w(b) = b**3 + 6*b**2 + 5*b - 6. Let o be w(-4). Suppose -293 - 85 = -o*x. What is the tens digit of x?
6
Suppose -2*c - k - 19 = 4*k, 2 = -c - k. Suppose 0 = -3*l + y + 89, -l - l - c*y + 74 = 0. What is the tens digit of l?
3
What is the units digit of ((-24588)/(-15))/6*15/6?
3
Suppose -4*h - 12 = 3*y, -5*y + 5 = -h + 2. Suppose y = -3*r + 34 + 2. Let i(n) = 4*n - 10. What is the units digit of i(r)?
8
What is the tens digit of 18/54 + (-401)/(-3)?
3
Suppose -102 = -4*a + 38. Suppose -a = l - 2*r - 113, -r = 4*l - 312. Let d = l - 37. What is the tens digit of d?
4
Let h = -11 - -27. What is the hundreds digit of (104/h)/(0 + 1/32)?
2
Let m(l) = l**3 + 12*l**2 + 7*l + 3. Let i(n) = 4*n - 10. Let u be i(0). What is the tens digit of m(u)?
3
Let g = 326 + -250. What is the units digit of g?
6
What is the hundreds digit of ((-10715)/(-10))/1*(6 + -4)?
1
Suppose -57 - 447 = -4*d. Suppose d + 126 = 3*j. What is the tens digit of j?
8
Let w = 22 + 9. Let z be (1/2)/(2/40). Let u = z + w. What is the units digit of u?
1
What is the units digit of ((-56224)/(-42) - -2) + 4/(-6)?
0
Suppose 0*k = 2*k - 3*j + 3, 4*j = -k + 15. Suppose 2*h = k*z + 74, 2*z + 0*z = -8. What is the tens digit of h?
3
Let j = 2428 - -1334. What is the hundreds digit of j?
7
Suppose 0 = 25*n - 9761 - 1789. What is the hundreds digit of n?
4
Suppose 2*o - 916 = -0*o + 4*h, 3*o = 3*h + 1359. What is the hundreds digit of o?
4
What is the hundreds digit of -11*4/(-22) + (-2358)/(-1)?
3
Suppose 5*i + k = 3*i + 16, 2*i - 6 = 4*k. Suppose i*y = 3*y + 640. What is the hundreds digit of y?
1
Let p be (3 + -3)/(-1) - 20. Let j = -5 - p. What is the units digit of j?
5
Suppose 0*t = 5*t - 30. Suppose -7 = -t*x + 101. What is the units digit of x?
8
Suppose 10 - 2 = 2*y. Suppose -5*w + l = -255, 4*l = -3*w + 180 - y. What is the units digit of w?
2
What is the units digit of -7 - 0 - 4*5719/(-38)?
5
Let w(k) = 2*k**3 - 11*k**2 + 14*k - 8. Let q be w(8). Suppose -4*o + 448 = 2*h, 0 = 4*o + 4*h - q - 32. What is the tens digit of o?
1
What is the hundreds digit of 95 - (-13 - 0/(-8))?
1
Let k(d) = 54*d**2 - 2*d - 1. Let o be k(-1). Suppose -l + 5*s = 